 derivative of k**6/60 - k**5/60 - k**4/8 + k**3/3 - 4*k**2. What is p(y)?
8
Let r(k) = 3*k**3 + 0 + 0 + 0*k**2 - k + k**2. Let t(g) = 32*g + 926. Let b be t(-29). Calculate r(b).
-18
Let p = 80 + -46. Let z be p/12 - 4/(-24). Let d(n) = -n + 3. Calculate d(z).
0
Let o(j) = -6*j + 1. Let z be 8/((-3)/(3/(-2))). Suppose 5*r - z*q - 5 = -2*q, 11 = 2*r + q. Suppose 7 = 3*c - 0*c - 2*b, -r*c - 3*b - 3 = 0. Give o(c).
-5
Suppose 0 = -3*a + 2*y + 122, 0*y = -a + 5*y + 45. Let x be (-114)/(-8) - 10/a. Let o(b) = b - 13. Let l be o(x). Let t(w) = -7*w**2 - w. Determine t(l).
-8
Suppose v - 2*v = 4, d = -2*v - 7. Let u = d - 1. Let x(w) = 1187*w - 4*w**2 + 3*w**2 - w**3 - 1188*w. Determine x(u).
0
Let r(s) = s**3 - 7*s**2 - 9*s - 2. Let q be r(8). Let g = q + 6. Let h(j) be the third derivative of j**4/6 + 2*j**3/3 + 5*j**2. What is h(g)?
-12
Let r = 40 - 42. Let z(j) be the third derivative of 1/8*j**4 + 0 + 1/40*j**6 + 0*j + j**2 + 1/15*j**5 + 1/6*j**3. What is z(r)?
-13
Let z(u) = -u**2 - 7*u + 3. Let t(p) = -2. Let w(q) = -2*t(q) - z(q). Give w(-4).
-11
Suppose 3*u - 5*o + 8 = 5*u, -10 = 4*u - 3*o. Let v(d) = -2*d + 2. What is v(u)?
4
Let i be -1 - (-2)/3*(3 - 0). Let x = -10 - -14. Let g(w) = -4*w + x*w - w. Calculate g(i).
-1
Let n = 2 - 4. Suppose 4*t + 90 = 290. Let m(a) = -t*a + 27*a + 24*a. What is m(n)?
-2
Let z be (-6)/4 + (-78)/(-12). Let y(k) = -2*k + 6*k**2 - 8 + 2*k**3 - z*k**3 + 4*k**3. Give y(-6).
4
Suppose -5*p - 34 = -104. Suppose 6*z + p + 4 = 0. Let s(o) be the second derivative of -o**5/20 - o**4/4 - o**3/2 + 3*o**2/2 - o. What is s(z)?
12
Let i(g) = -4 - 6*g**2 + 2 + 3. Let s be 75/65 + (-3)/((-117)/(-6)). Calculate i(s).
-5
Suppose 0 + 14 = -2*k. Let x = k + 19. Let c be (x/(-10))/((-7)/(-35)). Let w(l) = l**2 + 4*l - 5. Determine w(c).
7
Suppose 69*l + 1784 - 956 = 0. Let o(u) = -10*u + 9. Let j(d) = -d. Let f(h) = -22*j(h) + 2*o(h). What is f(l)?
-6
Let b(c) = c + 30 + 0*c + 24 - 55. Let g(s) = 2*s + 3. Let o(q) = 5*b(q) - g(q). Determine o(6).
10
Let f(l) = -21*l**2 - 11*l**2 + 61*l**2 - 12*l**2 + 24 - 19*l**2 + 57*l. Determine f(29).
-5
Let b(l) = -l**3 - 3*l**2 - 6 + 0 - 5*l - 3*l**2. Let p = -808 + 803. Calculate b(p).
-6
Let s(h) = -2*h - 10. Let t be 5/4 + -1 - (-35)/20. Let z(c) = -c**3 + 2*c - 3. Let y be z(t). What is s(y)?
4
Let h(u) = -1. Let s(n) = n + 5. Let c(y) = 6*h(y) + s(y). Let a(o) = -5*o - 1. Let g(w) = a(w) + 6*c(w). Give g(5).
-2
Let v(t) = 5*t - 3*t - t - 2. Let r be (-3)/(15/2) + (-24)/(-10). Suppose -h + 4*c + 0 = 3, h + r*c - 9 = 0. Determine v(h).
3
Suppose 85 - 10 = 25*a. Let i(f) = f**2 - 5*f + 4. Calculate i(a).
-2
Let y(g) = 3 + 14*g - 38*g + g**2 + 15*g + 2*g. What is y(9)?
21
Let q(b) = 6*b**3 - 7*b**2 + 25*b + 4. Let k(w) = -7*w**3 + 7*w**2 - 28*w - 5. Let p(g) = 5*k(g) + 6*q(g). What is p(5)?
-1
Let t(n) = n**3 + n. Let i(q) = 12*q - 71. Let o be i(6). Give t(o).
2
Let c(q) = -13*q - 2. Let r be c(1). Let g = r + 19. Suppose -2*n = 5*l, -n = 4*n + g*l. Let f(w) = -w**3 - w**2 - 8. Determine f(n).
-8
Let y(k) be the first derivative of -k**2 - 13*k + 99. Calculate y(-9).
5
Let x(d) be the first derivative of d**4/4 - 2*d**3/3 + d**2 - 4*d - 53. Suppose 0*v + 3*a + 27 = 5*v, -9 = v + 3*a. Determine x(v).
11
Let x(s) = -s**3 + 5*s**2 + 7*s + 2. Let w = -221 - -227. Calculate x(w).
8
Let s(x) = -x**3 + 4*x**2 + 3*x - 5. Let h = 31 - 17. Let r = -24 + h. Let u = r - -14. Determine s(u).
7
Let v(t) be the third derivative of -t**5/60 + t**4/12 - 35*t**2. Calculate v(-2).
-8
Let s(l) = -3*l - 1. Let f(h) = -6*h - 1. Let j(x) = -13*x - 2. Let b(u) = -5*f(u) + 2*j(u). Let t(i) = 2*b(i) + 3*s(i). Give t(-3).
2
Let c(r) = 6*r**2 - 2*r**2 - 3*r**2 + 6*r + 10. What is c(-7)?
17
Let p(v) = v**3 - 4*v**2 - 4*v + 1. Suppose -6*h + 2094 = 2070. Calculate p(h).
-15
Let j(g) = -1 - 1830*g**3 - 3*g**2 + g - 2*g**2 - g + 1829*g**3. Calculate j(-5).
-1
Let o(u) = -u**3 - 1 - 2*u + 0*u**3 - u**2 - 1. Let a be (-24)/(-10)*25/10. Suppose -a*t + 4*t - 8 = -c, 5*c = -5*t - 35. Calculate o(c).
6
Let k be (-2)/(-14)*-3 + 132/14. Let a(u) = -10*u**3 - 6*u + k*u**3 + 3 + 3*u + u**2. Determine a(2).
-7
Let d be (-4)/(-2 + 1) + -3. Let f(x) be the second derivative of -x**4/6 - x**3/3 + x**2/2 + 2*x. Calculate f(d).
-3
Suppose 2*t + 5 = -l, -10 = 17*t - 16*t + 3*l. Let a(d) = -18*d - 1. Determine a(t).
17
Suppose 0 = -30*p + 149 + 1. Let k(i) = i**3 - 5*i**2 - i - 2. Determine k(p).
-7
Let o(m) = m. Let p(x) = 2*x - 3. Let r be 95/4 + (-9)/(-36). Let n = -23 + r. Let q(z) = n*p(z) - 3*o(z). What is q(7)?
-10
Let o(q) = -q**3 + 6*q**2 - 3. Suppose -24 = n - 7*n. Let x be ((-17)/n)/(2/(-8)). Suppose -7 - x = -4*s. Calculate o(s).
-3
Let t(j) = -j**3 + 8*j**2 + 8*j + 10. Let s be t(8). Let w = s - 68. Let b(z) = -z**2 + 5*z + 4. Give b(w).
-2
Let c(y) = -y**3 - 8*y**2 - 6*y + 2. Suppose 125*b - 120*b = 160. Suppose 3*t = 4*r + 4*t + b, r - t + 3 = 0. Calculate c(r).
-5
Let n(r) = 4*r**2 - 4*r - 2. Let l(u) = 7*u**2 - 8*u - 3. Let h(g) = 3*l(g) - 5*n(g). What is h(5)?
6
Let h(g) = -4*g + 6. Let w(i) be the third derivative of i**4/24 + i**3/6 - 2*i**2. Let k(b) = -h(b) + 5*w(b). Let f be (-8)/(6 - 2) - -3. What is k(f)?
8
Let k(d) be the first derivative of -d**5/120 - d**4/6 + 19*d**3/3 - 15. Let b(q) be the third derivative of k(q). What is b(-3)?
-1
Let v(c) = 3*c + 4. Let p be (((-680)/(-32))/(-17))/((-3)/48). Let l(z) = 5*z - 1. Let s be l(3). Suppose 5*y + p = 5*h, -4*y - h + 3*h - s = 0. What is v(y)?
-5
Let n = -59 - -61. Let w(j) = j**2 + 6*j - 4. Let m(y) = -y - 1. Let p(g) = 2*g + 3. Let i(t) = -3*m(t) - p(t). Let z(c) = n*i(c) - w(c). Calculate z(-5).
-1
Let x(g) = -33*g + 1. Let s be 14/4 + 2 + 2/(-4). Suppose 13*j = 8*j + s. What is x(j)?
-32
Let l(x) be the second derivative of -1/3*x**3 + 0*x**2 - 7/120*x**5 + 0 + 8*x - 1/24*x**4. Let w(k) be the second derivative of l(k). Give w(-2).
13
Let g(v) = -v**3 + 3*v**2 - 2*v + 1. Suppose -5*w + 4*f - 5 = 0, -33*w + 30*w + 29 = 4*f. Calculate g(w).
-5
Let m(j) be the first derivative of j**4/4 - 3*j**3 + 3*j**2 + 10*j + 716. Suppose d = 4*d - 24. Give m(d).
-6
Let u(h) = h - 7. Let z be u(11). Let d(j) = -j + 0 + z*j + j**2 + 1. Calculate d(-2).
-1
Let s(a) be the second derivative of 3*a + 1/120*a**6 + 0*a**3 - 3/2*a**2 + 0 - 1/12*a**5 + 5/24*a**4. Let j(w) be the first derivative of s(w). Determine j(4).
4
Let t(i) = -5*i**2 + i. Let z(h) = 3*h**2 + 11*h - 14*h + 4*h - 6*h**2. Let s(u) = -4*t(u) + 7*z(u). Give s(5).
-10
Let i(z) = z**2 + 15*z - 19. Let w(n) = -15*n**2 - 4*n + 3. Let r be w(1). Let s be i(r). Let g(c) = -c**3 - 3*c**2 - c + 1. What is g(s)?
4
Let i(q) be the third derivative of -q**5/60 - 7*q**4/24 - q**3 - 12*q**2. Let p = -9 + 5. Give i(p).
6
Let d(m) = -m**2 - 2*m + 1. Let r(h) = -5*h**2 - 6*h + 3. Let a(i) = -9*d(i) + 2*r(i). Give a(8).
-19
Let d(g) = -235*g - 1401. Let k be d(-6). Let m(h) = -h**3 + 10*h**2 - 11*h + 8. Give m(k).
-10
Let u(c) = 7*c - 180. Let v be u(26). Let t(a) be the first derivative of -5*a - 1/3*a**3 + 4 + 3*a**v. What is t(4)?
3
Let x(b) be the third derivative of -1/4*b**4 - 5/6*b**3 - 13*b**2 + 1/60*b**5 + 0*b + 0. What is x(6)?
-5
Let c(j) be the second derivative of 0 + 3/2*j**2 - 1/20*j**5 - 3/4*j**4 + 0*j**3 + 44*j. Let h = 2 - 11. What is c(h)?
3
Let r(g) = -3*g - 1. Let n be ((-26)/3)/(7/21). Let o be ((-12)/10)/(n/(-20) - 1). Calculate r(o).
11
Let d(b) be the first derivative of 16*b - 30 + 1/2*b**2. Determine d(-9).
7
Let f(q) = q**2 + 3*q + 4. Suppose 9*r = 2*r - 21. Give f(r).
4
Suppose 0 = 5*a + 20, -206*a = -2*j - 209*a. Let p(w) = w**2 - 4. Calculate p(j).
32
Let b(o) be the first derivative of -o**4/4 + 2*o**3 - 2*o**2 - 5*o + 12. Let k(p) = -p**2. Let r be k(0). Let w be 1*(r + -2 + 7). Calculate b(w).
0
Let d(n) = 4*n + 12. Let o be d(-4). Let g(q) = -q**2 - 4. Let k(y) = 2*y**2 + y + 8. Let a(v) = 5*g(v) + 3*k(v). Give a(o).
8
Let r = 11 - 11. Let p(d) = r*d + 0*d + 4 + d - d**2. Let w(x) = x**2. Let s be w(0). Calculate p(s).
4
Let y(q) = q**2 - 13*q + 13. Let h be (-99)/(-21) - (-4)/14. Let a(s) = 2*s + 1. Let m be a(h). Calculate y(m).
-9
Let m(l) = -26*l + 759. Let g be m(29). Let f(d) be the second derivative of d**5/20 - 5*d**4/12 - 2*d**3/3 + 7*d**2/2 + 2*d. Calculate f(g).
-13
Let x(c) be t